{"id":2864,"date":"2023-08-28T16:08:43","date_gmt":"2023-08-28T20:08:43","guid":{"rendered":"https:\/\/www.focolaresciudadnueva.com\/?page_id=2864"},"modified":"2024-01-11T15:43:34","modified_gmt":"2024-01-11T19:43:34","slug":"dialogos-en-la-fe","status":"publish","type":"page","link":"https:\/\/www.focolaresciudadnueva.com\/inicio\/dialogos-en-la-fe\/","title":{"rendered":"Di\u00e1logos en la Fe"},"content":{"rendered":"<p>[cmsmasters_row data_padding_bottom=\u00bb0&#8243; data_padding_top=\u00bb0&#8243; data_bg_color=\u00bb#f9f9f9&#8243; data_color=\u00bbdefault\u00bb data_bot_style=\u00bbdefault\u00bb data_top_style=\u00bbdefault\u00bb data_width=\u00bbboxed\u00bb data_shortcode_id=\u00bbjm6iq8rcmq\u00bb][cmsmasters_column data_width=\u00bb1\/1&#8243; data_shortcode_id=\u00bbfnvrb6soyh\u00bb data_animation_delay=\u00bb0&#8243; data_border_style=\u00bbdefault\u00bb data_bg_size=\u00bbcover\u00bb data_bg_attachment=\u00bbscroll\u00bb data_bg_repeat=\u00bbno-repeat\u00bb data_bg_position=\u00bbtop center\u00bb]<\/p>\n<p>[cmsmasters_divider shortcode_id=\u00bbkwotwoht7c\u00bb width=\u00bblong\u00bb height=\u00bb0&#8243; style=\u00bbsolid\u00bb position=\u00bbcenter\u00bb margin_top=\u00bb0&#8243; margin_bottom=\u00bb0&#8243; animation_delay=\u00bb0&#8243;]<\/p>\n<p>[\/cmsmasters_column][\/cmsmasters_row][cmsmasters_row data_padding_bottom=\u00bb90&#8243; data_padding_top=\u00bb90&#8243; data_bg_size=\u00bbcover\u00bb data_bg_attachment=\u00bbscroll\u00bb data_bg_repeat=\u00bbno-repeat\u00bb data_bg_position=\u00bbtop center\u00bb data_bg_img=\u00bb3026|https:\/\/www.focolaresciudadnueva.com\/wp-content\/uploads\/2023\/08\/Banner-final-dialogos-300&#215;125.jpg|medium\u00bb data_color=\u00bbdefault\u00bb data_bot_style=\u00bbdefault\u00bb data_top_style=\u00bbdefault\u00bb data_width=\u00bbboxed\u00bb data_shortcode_id=\u00bb70jfq8w1t\u00bb][cmsmasters_column data_width=\u00bb1\/2&#8243; data_shortcode_id=\u00bb7qtn62p38&#8243; data_border_style=\u00bbdefault\u00bb data_animation_delay=\u00bb0&#8243;][cmsmasters_featured_block shortcode_id=\u00bb1i1vd99gl\u00bb text_width=\u00bb100&#8243; text_position=\u00bbleft\u00bb text_padding=\u00bb14% 22% 11% 11%\u00bb text_align=\u00bbleft\u00bb fb_bg_color=\u00bb#ffffff\u00bb top_padding=\u00bb0&#8243; bottom_padding=\u00bb0&#8243; border_style=\u00bbdefault\u00bb animation_delay=\u00bb0&#8243;]<\/p>\n<p>[cmsmasters_heading shortcode_id=\u00bbfapfbe47ku\u00bb type=\u00bbh2&#8243; font_size=\u00bb50&#8243; line_height=\u00bb60&#8243; font_weight=\u00bbbold\u00bb font_style=\u00bbdefault\u00bb text_align=\u00bbleft\u00bb margin_top=\u00bb0&#8243; margin_bottom=\u00bb20&#8243; custom_check=\u00bbtrue\u00bb custom_size_responsive_1=\u00bb400|40|50&#8243; width_monitor=\u00bb767&#8243; animation_delay=\u00bb0&#8243;]Di\u00e1logos entre creyentes y personas sin una referencia religiosa[\/cmsmasters_heading][cmsmasters_text shortcode_id=\u00bbre289l49q\u00bb animation_delay=\u00bb0&#8243;]<\/p>\n<p><span style=\"font-weight: 400;\">Esta es nuestra manera de hacer ecumenismo: despertar en los cristianos su instinto cristiano, unirnos, porque la botella est\u00e1 casi llena, unirnos y llevar adelante este pueblo.<\/span><\/p>\n<p>[\/cmsmasters_text]<\/p>\n<p>[\/cmsmasters_featured_block][\/cmsmasters_column][cmsmasters_column data_width=\u00bb1\/2&#8243; data_border_style=\u00bbdefault\u00bb data_shortcode_id=\u00bbvoqx5ly3gh\u00bb][\/cmsmasters_column][\/cmsmasters_row][cmsmasters_row data_shortcode_id=\u00bbci1yw4c9m9&#8243; data_width=\u00bbboxed\u00bb data_top_style=\u00bbdefault\u00bb data_bot_style=\u00bbdefault\u00bb data_color=\u00bbdefault\u00bb data_bg_color=\u00bb#f9f9f9&#8243; data_padding_top=\u00bb0&#8243; data_padding_bottom=\u00bb50&#8243; data_resp_vert_pad=\u00bbtrue\u00bb data_padding_bottom_laptop=\u00bb0&#8243;][cmsmasters_column data_width=\u00bb1\/1&#8243; data_shortcode_id=\u00bb0blc0cs0en\u00bb data_animation_delay=\u00bb0&#8243; data_border_style=\u00bbdefault\u00bb data_bg_size=\u00bbcover\u00bb data_bg_attachment=\u00bbscroll\u00bb data_bg_repeat=\u00bbno-repeat\u00bb data_bg_position=\u00bbtop center\u00bb]<\/p>\n<p>[cmsmasters_divider shortcode_id=\u00bbf5g6ccy054&#8243; width=\u00bblong\u00bb height=\u00bb0&#8243; style=\u00bbsolid\u00bb position=\u00bbcenter\u00bb margin_top=\u00bb0&#8243; margin_bottom=\u00bb0&#8243; animation_delay=\u00bb0&#8243;]<\/p>\n<p>[\/cmsmasters_column][\/cmsmasters_row][cmsmasters_row data_shortcode_id=\u00bb5a42414sy\u00bb data_width=\u00bbboxed\u00bb data_top_style=\u00bbdefault\u00bb data_bot_style=\u00bbdefault\u00bb data_color=\u00bbdefault\u00bb data_bg_color=\u00bb#f9f9f9&#8243; data_padding_top=\u00bb70&#8243; data_padding_bottom=\u00bb130&#8243; data_resp_vert_pad=\u00bbtrue\u00bb data_padding_top_laptop=\u00bb40&#8243; data_padding_bottom_laptop=\u00bb70&#8243;][cmsmasters_column data_width=\u00bb1\/1&#8243; data_shortcode_id=\u00bbcest7h13ef\u00bb data_animation_delay=\u00bb0&#8243; data_border_style=\u00bbdefault\u00bb data_bg_size=\u00bbcover\u00bb data_bg_attachment=\u00bbscroll\u00bb data_bg_repeat=\u00bbno-repeat\u00bb data_bg_position=\u00bbtop center\u00bb][cmsmasters_text shortcode_id=\u00bbm1cw9azpw\u00bb animation_delay=\u00bb0&#8243;]<\/p>\n<p><span style=\"font-weight: 400;\">La unidad es, para los cristianos, la realizaci\u00f3n de la oraci\u00f3n de Jes\u00fas \u201cQue todos sean una sola cosa\u201d (Jn. 17, 21). Una invocaci\u00f3n que da la certeza de que \u201cEl amor de Cristo mueve el mundo hacia la reconciliaci\u00f3n y hacia la unidad\u201d.<\/span><\/p>\n<p><span style=\"font-weight: 400;\">La difusi\u00f3n mundial del esp\u00edritu de los Focolares contribuy\u00f3 a abrir varias formas de di\u00e1logo. El Movimiento est\u00e1 comprometido en el di\u00e1logo<\/span><b> entre Movimientos y nuevas Comunidades<\/b> <b>dentro de la Iglesia Cat\u00f3lica<\/b><span style=\"font-weight: 400;\"> y en el di\u00e1logo <\/span><b>entre las diversas Iglesias y Comunidades eclesiales<\/b><span style=\"font-weight: 400;\">. La relaci\u00f3n<\/span><b> con fieles de diversos credos religiosos<\/b><span style=\"font-weight: 400;\"> abri\u00f3 el camino a un di\u00e1logo con las principales religiones. La colaboraci\u00f3n <\/span><b>entre creyentes y personas sin una referencia religiosa<\/b><span style=\"font-weight: 400;\"> dio vida a un di\u00e1logo para encaminarse hacia la fraternidad de la familia humana. Recientemente se ha lanzado un di\u00e1logo con el <\/span><b>mundo de la cultura<\/b><span style=\"font-weight: 400;\">.<\/span><\/p>\n<p>[\/cmsmasters_text][cmsmasters_posts_slider shortcode_id=\u00bbzmlx56d46e\u00bb orderby=\u00bbdate\u00bb order=\u00bbDESC\u00bb post_type=\u00bbpost\u00bb blog_categories=\u00bbdialogo-con-personas-sin-referencia-religiosa,dialogo-entre-iglesias,dialogo-entre-religiones,dialogo-interreligioso,ecumenismo,iglesia\u00bb controls=\u00bbtrue\u00bb columns=\u00bb4&#8243; count=\u00bb12&#8243; pause=\u00bb5&#8243; blog_metadata=\u00bbtitle,image,categories,more\u00bb animation_delay=\u00bb0&#8243;][\/cmsmasters_column][\/cmsmasters_row]<\/p>\n","protected":false},"excerpt":{"rendered":"<p>[cmsmasters_row data_padding_bottom=\u00bb0&#8243; data_padding_top=\u00bb0&#8243; data_bg_color=\u00bb#f9f9f9&#8243; data_color=\u00bbdefault\u00bb data_bot_style=\u00bbdefault\u00bb data_top_style=\u00bbdefault\u00bb data_width=\u00bbboxed\u00bb data_shortcode_id=\u00bbjm6iq8rcmq\u00bb][cmsmasters_column data_width=\u00bb1\/1&#8243; data_shortcode_id=\u00bbfnvrb6soyh\u00bb data_animation_delay=\u00bb0&#8243; data_border_style=\u00bbdefault\u00bb data_bg_size=\u00bbcover\u00bb data_bg_attachment=\u00bbscroll\u00bb data_bg_repeat=\u00bbno-repeat\u00bb data_bg_position=\u00bbtop center\u00bb] [cmsmasters_divider shortcode_id=\u00bbkwotwoht7c\u00bb width=\u00bblong\u00bb height=\u00bb0&#8243; style=\u00bbsolid\u00bb position=\u00bbcenter\u00bb margin_top=\u00bb0&#8243; margin_bottom=\u00bb0&#8243; animation_delay=\u00bb0&#8243;] [\/cmsmasters_column][\/cmsmasters_row][cmsmasters_row data_padding_bottom=\u00bb90&#8243; data_padding_top=\u00bb90&#8243; data_bg_size=\u00bbcover\u00bb data_bg_attachment=\u00bbscroll\u00bb data_bg_repeat=\u00bbno-repeat\u00bb data_bg_position=\u00bbtop center\u00bb data_bg_img=\u00bb3026|https:\/\/www.focolaresciudadnueva.com\/wp-content\/uploads\/2023\/08\/Banner-final-dialogos-300&#215;125.jpg|medium\u00bb data_color=\u00bbdefault\u00bb data_bot_style=\u00bbdefault\u00bb data_top_style=\u00bbdefault\u00bb data_width=\u00bbboxed\u00bb data_shortcode_id=\u00bb70jfq8w1t\u00bb][cmsmasters_column data_width=\u00bb1\/2&#8243; data_shortcode_id=\u00bb7qtn62p38&#8243; data_border_style=\u00bbdefault\u00bb data_animation_delay=\u00bb0&#8243;][cmsmasters_featured_block shortcode_id=\u00bb1i1vd99gl\u00bb text_width=\u00bb100&#8243; text_position=\u00bbleft\u00bb text_padding=\u00bb14% 22% 11% 11%\u00bb text_align=\u00bbleft\u00bb fb_bg_color=\u00bb#ffffff\u00bb top_padding=\u00bb0&#8243; bottom_padding=\u00bb0&#8243; border_style=\u00bbdefault\u00bb animation_delay=\u00bb0&#8243;] [cmsmasters_heading shortcode_id=\u00bbfapfbe47ku\u00bb type=\u00bbh2&#8243; font_size=\u00bb50&#8243; line_height=\u00bb60&#8243; font_weight=\u00bbbold\u00bb font_style=\u00bbdefault\u00bb &hellip; <a href=\"https:\/\/www.focolaresciudadnueva.com\/inicio\/dialogos-en-la-fe\/\" class=\"more-link\">Continue reading <span class=\"screen-reader-text\">Di\u00e1logos en la Fe<\/span><\/a><\/p>\n","protected":false},"author":2,"featured_media":0,"parent":0,"menu_order":0,"comment_status":"closed","ping_status":"closed","template":"","meta":{"footnotes":""},"class_list":["post-2864","page","type-page","status-publish","hentry"],"wpmagazine_modules_lite_featured_media_urls":{"thumbnail":"","cvmm-medium":"","cvmm-medium-plus":"","cvmm-portrait":"","cvmm-medium-square":"","cvmm-large":"","cvmm-small":"","full":""},"categories_names":null,"comments_number":"0","_links":{"self":[{"href":"https:\/\/www.focolaresciudadnueva.com\/inicio\/wp-json\/wp\/v2\/pages\/2864","targetHints":{"allow":["GET"]}}],"collection":[{"href":"https:\/\/www.focolaresciudadnueva.com\/inicio\/wp-json\/wp\/v2\/pages"}],"about":[{"href":"https:\/\/www.focolaresciudadnueva.com\/inicio\/wp-json\/wp\/v2\/types\/page"}],"author":[{"embeddable":true,"href":"https:\/\/www.focolaresciudadnueva.com\/inicio\/wp-json\/wp\/v2\/users\/2"}],"replies":[{"embeddable":true,"href":"https:\/\/www.focolaresciudadnueva.com\/inicio\/wp-json\/wp\/v2\/comments?post=2864"}],"version-history":[{"count":22,"href":"https:\/\/www.focolaresciudadnueva.com\/inicio\/wp-json\/wp\/v2\/pages\/2864\/revisions"}],"predecessor-version":[{"id":6102,"href":"https:\/\/www.focolaresciudadnueva.com\/inicio\/wp-json\/wp\/v2\/pages\/2864\/revisions\/6102"}],"wp:attachment":[{"href":"https:\/\/www.focolaresciudadnueva.com\/inicio\/wp-json\/wp\/v2\/media?parent=2864"}],"curies":[{"name":"wp","href":"https:\/\/api.w.org\/{rel}","templated":true}]}}